{"id":2211,"date":"2024-05-22T14:25:41","date_gmt":"2024-05-22T12:25:41","guid":{"rendered":"https:\/\/cennik24.pl\/blog\/?page_id=2211"},"modified":"2024-07-03T14:17:40","modified_gmt":"2024-07-03T12:17:40","slug":"magazine-2-2","status":"publish","type":"page","link":"https:\/\/cennik24.pl\/blog\/","title":{"rendered":"Cennik24 BLOG"},"content":{"rendered":"<div class='pt-cv-wrapper'> <h3 class='pt-cv-heading-container heading1' data-blockid='ye2ppqpa'><span class='pt-cv-heading'> Najnowsze wpisy <\/span><\/h3><div class=\"pt-cv-view pt-cv-overlaygrid iscvblock iscvreal overlay6 layout1 cveffect-darken\" id=\"pt-cv-view-ye2ppqpa\"><div data-id=\"pt-cv-page-1\" class=\"pt-cv-page\" data-cvc=\"2\"><div class=\" pt-cv-content-item pt-cv-1-col cv-main-post\" ><div class=\"pt-cv-thumb-wrapper  \"><a href=\"https:\/\/cennik24.pl\/blog\/reqnet-pro-nowa-seria-rekuperatorow-w-sprzedazy-jeszcze-w-tym-roku\/\" class=\"_self pt-cv-href-thumbnail pt-cv-thumb-default\" target=\"_self\" ><img loading=\"lazy\" decoding=\"async\" width=\"800\" height=\"300\" src=\"https:\/\/cennik24.pl\/blog\/wp-content\/uploads\/2026\/03\/image-20.png\" class=\"pt-cv-thumbnail\" alt=\"\" \/><\/a><\/div>\n<div class=\"pt-cv-overlay-wrapper\"><div class=\"pt-cv-taxoterm above_title\"><a href='https:\/\/cennik24.pl\/blog\/category\/porady-i-zalecenia\/' title='Porady i zalecenia' class='pt-cv-tax-porady-i-zalecenia'>Porady i zalecenia<\/a><a href='https:\/\/cennik24.pl\/blog\/category\/produkty\/' title='Produkty' class='pt-cv-tax-produkty'>Produkty<\/a><a href='https:\/\/cennik24.pl\/blog\/category\/rekuperacja\/' title='Rekuperacja' class='pt-cv-tax-rekuperacja'>Rekuperacja<\/a><\/div><h4 class=\"pt-cv-title\"><a href=\"https:\/\/cennik24.pl\/blog\/reqnet-pro-nowa-seria-rekuperatorow-w-sprzedazy-jeszcze-w-tym-roku\/\" class=\"_self\" target=\"_self\" >REQNET PRO \u2013 nowa seria rekuperator\u00f3w w sprzeda\u017cy jeszcze w tym roku<\/a><\/h4><div class=\"pt-cv-rmwrap\"><a href=\"https:\/\/cennik24.pl\/blog\/reqnet-pro-nowa-seria-rekuperatorow-w-sprzedazy-jeszcze-w-tym-roku\/\" class=\"_self pt-cv-readmore btn btn-success\" target=\"_self\" >Dowiedz Si\u0119 Wi\u0119cej\u2026<\/a><\/div><div class=\"pt-cv-meta-fields\"><span class=\"entry-date\"> <time datetime=\"2026-03-25T12:36:48+01:00\"><\/time><\/span><\/div><\/div><\/div>\n<div class=\" pt-cv-content-item pt-cv-1-col\" ><div class=\"pt-cv-thumb-wrapper  miniwrap\"><a href=\"https:\/\/cennik24.pl\/blog\/filtracja-i-zdrowe-powietrze-jak-gwc-wspomaga-system-antysmogowy-rekuperatora\/\" class=\"_self pt-cv-href-thumbnail pt-cv-thumb-default\" target=\"_self\" ><img loading=\"lazy\" decoding=\"async\" width=\"884\" height=\"400\" src=\"https:\/\/cennik24.pl\/blog\/wp-content\/uploads\/2025\/08\/wymiennik-entalpiczny_SrodekBloga.jpg\" class=\"pt-cv-thumbnail pt-cv-thumbnailsm\" alt=\"\" \/><\/a><\/div>\n<div class=\"pt-cv-overlay-wrapper\"><div class=\"pt-cv-taxoterm above_title\"><a href='https:\/\/cennik24.pl\/blog\/category\/porady-i-zalecenia\/' title='Porady i zalecenia' class='pt-cv-tax-porady-i-zalecenia'>Porady i zalecenia<\/a><a href='https:\/\/cennik24.pl\/blog\/category\/rekuperacja\/' title='Rekuperacja' class='pt-cv-tax-rekuperacja'>Rekuperacja<\/a><\/div><h4 class=\"pt-cv-title pt-cv-titlesm\"><a href=\"https:\/\/cennik24.pl\/blog\/filtracja-i-zdrowe-powietrze-jak-gwc-wspomaga-system-antysmogowy-rekuperatora\/\" class=\"_self\" target=\"_self\" >Filtracja i zdrowe powietrze \u2013 jak GWC wspomaga system antysmogowy rekuperatora<\/a><\/h4><div class=\"pt-cv-rmwrap\"><a href=\"https:\/\/cennik24.pl\/blog\/filtracja-i-zdrowe-powietrze-jak-gwc-wspomaga-system-antysmogowy-rekuperatora\/\" class=\"_self pt-cv-readmore btn btn-success\" target=\"_self\" >Dowiedz Si\u0119 Wi\u0119cej\u2026<\/a><\/div><div class=\"pt-cv-meta-fields\"><span class=\"entry-date\"> <time datetime=\"2026-02-05T14:34:40+01:00\"><\/time><\/span><\/div><\/div><\/div>\n<div class=\" pt-cv-content-item pt-cv-1-col\" ><div class=\"pt-cv-thumb-wrapper  miniwrap\"><a href=\"https:\/\/cennik24.pl\/blog\/maksymalizacja-chlodzenia-latem-jak-gwc-i-automatyczny-bypass-w-rekuperatorach-reqnet-zwiekszaja-efektywnosc-wentylacji-mechanicznej\/\" class=\"_self pt-cv-href-thumbnail pt-cv-thumb-default\" target=\"_self\" ><img loading=\"lazy\" decoding=\"async\" width=\"2560\" height=\"1396\" src=\"https:\/\/cennik24.pl\/blog\/wp-content\/uploads\/2026\/01\/Gemini_Generated_Image_4mb3y94mb3y94mb3-scaled.jpg\" class=\"pt-cv-thumbnail pt-cv-thumbnailsm\" alt=\"\" \/><\/a><\/div>\n<div class=\"pt-cv-overlay-wrapper\"><div class=\"pt-cv-taxoterm above_title\"><a href='https:\/\/cennik24.pl\/blog\/category\/porady-i-zalecenia\/' title='Porady i zalecenia' class='pt-cv-tax-porady-i-zalecenia'>Porady i zalecenia<\/a><a href='https:\/\/cennik24.pl\/blog\/category\/rekuperacja\/' title='Rekuperacja' class='pt-cv-tax-rekuperacja'>Rekuperacja<\/a><\/div><h4 class=\"pt-cv-title pt-cv-titlesm\"><a href=\"https:\/\/cennik24.pl\/blog\/maksymalizacja-chlodzenia-latem-jak-gwc-i-automatyczny-bypass-w-rekuperatorach-reqnet-zwiekszaja-efektywnosc-wentylacji-mechanicznej\/\" class=\"_self\" target=\"_self\" >Maksymalizacja ch\u0142odzenia latem: jak GWC i automatyczny bypass w rekuperatorach REQNET zwi\u0119kszaj\u0105 efektywno\u015b\u0107 wentylacji mechanicznej<\/a><\/h4><div class=\"pt-cv-rmwrap\"><a href=\"https:\/\/cennik24.pl\/blog\/maksymalizacja-chlodzenia-latem-jak-gwc-i-automatyczny-bypass-w-rekuperatorach-reqnet-zwiekszaja-efektywnosc-wentylacji-mechanicznej\/\" class=\"_self pt-cv-readmore btn btn-success\" target=\"_self\" >Dowiedz Si\u0119 Wi\u0119cej\u2026<\/a><\/div><div class=\"pt-cv-meta-fields\"><span class=\"entry-date\"> <time datetime=\"2026-01-22T10:51:33+01:00\"><\/time><\/span><\/div><\/div><\/div>\n<div class=\" pt-cv-content-item pt-cv-1-col\" ><div class=\"pt-cv-thumb-wrapper  miniwrap\"><a href=\"https:\/\/cennik24.pl\/blog\/inteligentne-sterowanie-gwc-jak-automatyka-rekuperatorow-reqnet-optymalizuje-prace-wentylacji-mechanicznej\/\" class=\"_self pt-cv-href-thumbnail pt-cv-thumb-default\" target=\"_self\" ><img loading=\"lazy\" decoding=\"async\" width=\"884\" height=\"400\" src=\"https:\/\/cennik24.pl\/blog\/wp-content\/uploads\/2025\/10\/ZdrowieApowietrze_SrodekBloga.jpg\" class=\"pt-cv-thumbnail pt-cv-thumbnailsm\" alt=\"\" \/><\/a><\/div>\n<div class=\"pt-cv-overlay-wrapper\"><div class=\"pt-cv-taxoterm above_title\"><a href='https:\/\/cennik24.pl\/blog\/category\/porady-i-zalecenia\/' title='Porady i zalecenia' class='pt-cv-tax-porady-i-zalecenia'>Porady i zalecenia<\/a><a href='https:\/\/cennik24.pl\/blog\/category\/rekuperacja\/' title='Rekuperacja' class='pt-cv-tax-rekuperacja'>Rekuperacja<\/a><\/div><h4 class=\"pt-cv-title pt-cv-titlesm\"><a href=\"https:\/\/cennik24.pl\/blog\/inteligentne-sterowanie-gwc-jak-automatyka-rekuperatorow-reqnet-optymalizuje-prace-wentylacji-mechanicznej\/\" class=\"_self\" target=\"_self\" >Inteligentne sterowanie GWC: jak automatyka rekuperator\u00f3w REQNET optymalizuje prac\u0119 wentylacji mechanicznej<\/a><\/h4><div class=\"pt-cv-rmwrap\"><a href=\"https:\/\/cennik24.pl\/blog\/inteligentne-sterowanie-gwc-jak-automatyka-rekuperatorow-reqnet-optymalizuje-prace-wentylacji-mechanicznej\/\" class=\"_self pt-cv-readmore btn btn-success\" target=\"_self\" >Dowiedz Si\u0119 Wi\u0119cej\u2026<\/a><\/div><div class=\"pt-cv-meta-fields\"><span class=\"entry-date\"> <time datetime=\"2026-01-11T09:26:28+01:00\"><\/time><\/span><\/div><\/div><\/div>\n<div class=\" pt-cv-content-item pt-cv-1-col\" ><div class=\"pt-cv-thumb-wrapper  miniwrap\"><a href=\"https:\/\/cennik24.pl\/blog\/pm1-pm2-5-pm10-co-naprawde-wdychasz-i-jak-rekuperacja-chroni-twoj-dom-przed-smogiem\/\" class=\"_self pt-cv-href-thumbnail pt-cv-thumb-default\" target=\"_self\" ><img loading=\"lazy\" decoding=\"async\" width=\"884\" height=\"400\" src=\"https:\/\/cennik24.pl\/blog\/wp-content\/uploads\/2025\/12\/co-naprawde-wdychasz-srodek.jpg\" class=\"pt-cv-thumbnail pt-cv-thumbnailsm\" alt=\"\" \/><\/a><\/div>\n<div class=\"pt-cv-overlay-wrapper\"><div class=\"pt-cv-taxoterm above_title\"><a href='https:\/\/cennik24.pl\/blog\/category\/porady-i-zalecenia\/' title='Porady i zalecenia' class='pt-cv-tax-porady-i-zalecenia'>Porady i zalecenia<\/a><a href='https:\/\/cennik24.pl\/blog\/category\/rekuperacja\/' title='Rekuperacja' class='pt-cv-tax-rekuperacja'>Rekuperacja<\/a><\/div><h4 class=\"pt-cv-title pt-cv-titlesm\"><a href=\"https:\/\/cennik24.pl\/blog\/pm1-pm2-5-pm10-co-naprawde-wdychasz-i-jak-rekuperacja-chroni-twoj-dom-przed-smogiem\/\" class=\"_self\" target=\"_self\" >PM1, PM2.5, PM10 \u2013 co naprawd\u0119 wdychasz i jak rekuperacja chroni Tw\u00f3j dom przed smogiem?<\/a><\/h4><div class=\"pt-cv-rmwrap\"><a href=\"https:\/\/cennik24.pl\/blog\/pm1-pm2-5-pm10-co-naprawde-wdychasz-i-jak-rekuperacja-chroni-twoj-dom-przed-smogiem\/\" class=\"_self pt-cv-readmore btn btn-success\" target=\"_self\" >Dowiedz Si\u0119 Wi\u0119cej\u2026<\/a><\/div><div class=\"pt-cv-meta-fields\"><span class=\"entry-date\"> <time datetime=\"2025-12-23T13:05:07+01:00\"><\/time><\/span><\/div><\/div><\/div><\/div><\/div> <\/div> <style>\n#pt-cv-view-ye2ppqpa .pt-cv-thumb-wrapper::before {background: rgba(0,0,0,.4); opacity: 0.7;}#pt-cv-view-ye2ppqpa .pt-cv-overlay-wrapper {justify-content: flex-end;}\n#pt-cv-view-ye2ppqpa .pt-cv-content-item { border-style: none; }#pt-cv-view-ye2ppqpa .pt-cv-meta-fields {  }#pt-cv-view-ye2ppqpa .pt-cv-meta-fields * { font-size: 13px; }#pt-cv-view-ye2ppqpa .pt-cv-title a { display: block; }#pt-cv-view-ye2ppqpa .pt-cv-title:not(.pt-cv-titlesm) a { font-weight: 600;text-decoration: none;font-size: 26px; }#pt-cv-view-ye2ppqpa .pt-cv-titlesm a { font-weight: 600;font-size: 20px; }#pt-cv-view-ye2ppqpa .pt-cv-content { font-size: 15px; }#pt-cv-view-ye2ppqpa .pt-cv-rmwrap {  }#pt-cv-view-ye2ppqpa .pt-cv-readmore { color: #fff;background-color: #66b230;font-size: 14px; }#pt-cv-view-ye2ppqpa .pt-cv-taxoterm { margin: 0px 0px 20px 0px; }#pt-cv-view-ye2ppqpa .pt-cv-taxoterm * { color: #ffffff;background-color: #66b230;font-size: 14px; }#pt-cv-view-ye2ppqpa + .pt-cv-pagination-wrapper {  }#pt-cv-view-ye2ppqpa + .pt-cv-pagination-wrapper a { font-size: 14px; }#pt-cv-view-ye2ppqpa > .pt-cv-page {grid-auto-rows: 250px;grid-template-rows: calc(250px*1.5);grid-gap: 40px;}\n@media all and (max-width: 1024px) { \n#pt-cv-view-ye2ppqpa > .pt-cv-page {}\n} \n@media all and (max-width: 767px) { \n#pt-cv-view-ye2ppqpa > .pt-cv-page {}\n} <\/style>\n\n\n<div style=\"height:25px\" aria-hidden=\"true\" class=\"wp-block-spacer\"><\/div>\n\n\n<div class=\"wp-block-image szkolenie-img\">\n<figure class=\"aligncenter size-full\"><a href=\"https:\/\/cennik24.pl\/category\/projekty-wentylacji-mechanicznej-13\"><img loading=\"lazy\" decoding=\"async\" width=\"1200\" height=\"150\" src=\"https:\/\/cennik24.pl\/blog\/wp-content\/uploads\/2024\/06\/Baner_projekty_blog.webp\" alt=\"\" class=\"wp-image-2473\" srcset=\"https:\/\/cennik24.pl\/blog\/wp-content\/uploads\/2024\/06\/Baner_projekty_blog.webp 1200w, https:\/\/cennik24.pl\/blog\/wp-content\/uploads\/2024\/06\/Baner_projekty_blog-300x38.webp 300w, https:\/\/cennik24.pl\/blog\/wp-content\/uploads\/2024\/06\/Baner_projekty_blog-1024x128.webp 1024w, https:\/\/cennik24.pl\/blog\/wp-content\/uploads\/2024\/06\/Baner_projekty_blog-768x96.webp 768w, https:\/\/cennik24.pl\/blog\/wp-content\/uploads\/2024\/06\/Baner_projekty_blog-600x75.webp 600w\" sizes=\"auto, (max-width: 1200px) 100vw, 1200px\" \/><\/a><\/figure>\n<\/div>\n\n\n<div style=\"height:25px\" aria-hidden=\"true\" class=\"wp-block-spacer\"><\/div>\n\n\n<div class='pt-cv-wrapper'> <h3 class='pt-cv-heading-container heading1' data-blockid='37difkra'><span class='pt-cv-heading'> Pozosta\u0142e wpisy <\/span><\/h3><div class=\"pt-cv-view pt-cv-blockgrid iscvblock iscvreal grid1 layout1 cveffect-darken\" id=\"pt-cv-view-37difkra\"><div data-id=\"pt-cv-page-1\" class=\"pt-cv-page\" data-cvc=\"2\"><div class=\" pt-cv-content-item pt-cv-1-col\" ><div class=\"pt-cv-thumb-wrapper  \"><a href=\"https:\/\/cennik24.pl\/blog\/reqnet-pro-nowa-seria-rekuperatorow-w-sprzedazy-jeszcze-w-tym-roku\/\" class=\"_self pt-cv-href-thumbnail pt-cv-thumb-default\" target=\"_self\" ><img loading=\"lazy\" decoding=\"async\" width=\"800\" height=\"300\" src=\"https:\/\/cennik24.pl\/blog\/wp-content\/uploads\/2026\/03\/image-20.png\" class=\"pt-cv-thumbnail\" alt=\"\" \/><\/a><\/div>\n<div class=\"pt-cv-taxoterm above_title\"><a href='https:\/\/cennik24.pl\/blog\/category\/porady-i-zalecenia\/' title='Porady i zalecenia' class='pt-cv-tax-porady-i-zalecenia'>Porady i zalecenia<\/a><a href='https:\/\/cennik24.pl\/blog\/category\/produkty\/' title='Produkty' class='pt-cv-tax-produkty'>Produkty<\/a><a href='https:\/\/cennik24.pl\/blog\/category\/rekuperacja\/' title='Rekuperacja' class='pt-cv-tax-rekuperacja'>Rekuperacja<\/a><\/div>\n<h4 class=\"pt-cv-title\"><a href=\"https:\/\/cennik24.pl\/blog\/reqnet-pro-nowa-seria-rekuperatorow-w-sprzedazy-jeszcze-w-tym-roku\/\" class=\"_self\" target=\"_self\" >REQNET PRO \u2013 nowa seria rekuperator\u00f3w w sprzeda\u017cy jeszcze w tym roku<\/a><\/h4>\n<div class=\"pt-cv-content\">Rekuperacja w domu jednorodzinnym ma dzi\u015b robi\u0107 wi\u0119cej ni\u017c odzyskiwa\u0107 ciep\u0142o. Inwestorzy oczekuj\u0105 stabilnej jako\u015bci powietrza, niskiego zu\u017cycia energii, cichej &#8230;<\/div>\n<div class=\"pt-cv-rmwrap\"><a href=\"https:\/\/cennik24.pl\/blog\/reqnet-pro-nowa-seria-rekuperatorow-w-sprzedazy-jeszcze-w-tym-roku\/\" class=\"_self pt-cv-readmore btn btn-success\" target=\"_self\" >Dowiedz Si\u0119 Wi\u0119cej\u2026<\/a><\/div><\/div>\n<div class=\" pt-cv-content-item pt-cv-1-col\" ><div class=\"pt-cv-thumb-wrapper  \"><a href=\"https:\/\/cennik24.pl\/blog\/filtracja-i-zdrowe-powietrze-jak-gwc-wspomaga-system-antysmogowy-rekuperatora\/\" class=\"_self pt-cv-href-thumbnail pt-cv-thumb-default\" target=\"_self\" ><img loading=\"lazy\" decoding=\"async\" width=\"884\" height=\"400\" src=\"https:\/\/cennik24.pl\/blog\/wp-content\/uploads\/2025\/08\/wymiennik-entalpiczny_SrodekBloga.jpg\" class=\"pt-cv-thumbnail\" alt=\"\" \/><\/a><\/div>\n<div class=\"pt-cv-taxoterm above_title\"><a href='https:\/\/cennik24.pl\/blog\/category\/porady-i-zalecenia\/' title='Porady i zalecenia' class='pt-cv-tax-porady-i-zalecenia'>Porady i zalecenia<\/a><a href='https:\/\/cennik24.pl\/blog\/category\/rekuperacja\/' title='Rekuperacja' class='pt-cv-tax-rekuperacja'>Rekuperacja<\/a><\/div>\n<h4 class=\"pt-cv-title\"><a href=\"https:\/\/cennik24.pl\/blog\/filtracja-i-zdrowe-powietrze-jak-gwc-wspomaga-system-antysmogowy-rekuperatora\/\" class=\"_self\" target=\"_self\" >Filtracja i zdrowe powietrze \u2013 jak GWC wspomaga system antysmogowy rekuperatora<\/a><\/h4>\n<div class=\"pt-cv-content\">Rosn\u0105ce zanieczyszczenie powietrza w Polsce sprawia, \u017ce jako\u015b\u0107 powietrza wewn\u0105trz budynk\u00f3w staje si\u0119 jednym z kluczowych element\u00f3w komfortu i zdrowia &#8230;<\/div>\n<div class=\"pt-cv-rmwrap\"><a href=\"https:\/\/cennik24.pl\/blog\/filtracja-i-zdrowe-powietrze-jak-gwc-wspomaga-system-antysmogowy-rekuperatora\/\" class=\"_self pt-cv-readmore btn btn-success\" target=\"_self\" >Dowiedz Si\u0119 Wi\u0119cej\u2026<\/a><\/div><\/div>\n<div class=\" pt-cv-content-item pt-cv-1-col\" ><div class=\"pt-cv-thumb-wrapper  \"><a href=\"https:\/\/cennik24.pl\/blog\/maksymalizacja-chlodzenia-latem-jak-gwc-i-automatyczny-bypass-w-rekuperatorach-reqnet-zwiekszaja-efektywnosc-wentylacji-mechanicznej\/\" class=\"_self pt-cv-href-thumbnail pt-cv-thumb-default\" target=\"_self\" ><img loading=\"lazy\" decoding=\"async\" width=\"2560\" height=\"1396\" src=\"https:\/\/cennik24.pl\/blog\/wp-content\/uploads\/2026\/01\/Gemini_Generated_Image_4mb3y94mb3y94mb3-scaled.jpg\" class=\"pt-cv-thumbnail\" alt=\"\" \/><\/a><\/div>\n<div class=\"pt-cv-taxoterm above_title\"><a href='https:\/\/cennik24.pl\/blog\/category\/porady-i-zalecenia\/' title='Porady i zalecenia' class='pt-cv-tax-porady-i-zalecenia'>Porady i zalecenia<\/a><a href='https:\/\/cennik24.pl\/blog\/category\/rekuperacja\/' title='Rekuperacja' class='pt-cv-tax-rekuperacja'>Rekuperacja<\/a><\/div>\n<h4 class=\"pt-cv-title\"><a href=\"https:\/\/cennik24.pl\/blog\/maksymalizacja-chlodzenia-latem-jak-gwc-i-automatyczny-bypass-w-rekuperatorach-reqnet-zwiekszaja-efektywnosc-wentylacji-mechanicznej\/\" class=\"_self\" target=\"_self\" >Maksymalizacja ch\u0142odzenia latem: jak GWC i automatyczny bypass w rekuperatorach REQNET zwi\u0119kszaj\u0105 efektywno\u015b\u0107 wentylacji mechanicznej<\/a><\/h4>\n<div class=\"pt-cv-content\">Latem sprawna wsp\u00f3\u0142praca rekuperator\u00f3w z GWC staje si\u0119 kluczowa dla obni\u017cenia temperatury nawiewanego powietrza. To w\u0142a\u015bnie w tym okresie najbardziej &#8230;<\/div>\n<div class=\"pt-cv-rmwrap\"><a href=\"https:\/\/cennik24.pl\/blog\/maksymalizacja-chlodzenia-latem-jak-gwc-i-automatyczny-bypass-w-rekuperatorach-reqnet-zwiekszaja-efektywnosc-wentylacji-mechanicznej\/\" class=\"_self pt-cv-readmore btn btn-success\" target=\"_self\" >Dowiedz Si\u0119 Wi\u0119cej\u2026<\/a><\/div><\/div>\n<div class=\" pt-cv-content-item pt-cv-1-col\" ><div class=\"pt-cv-thumb-wrapper  \"><a href=\"https:\/\/cennik24.pl\/blog\/inteligentne-sterowanie-gwc-jak-automatyka-rekuperatorow-reqnet-optymalizuje-prace-wentylacji-mechanicznej\/\" class=\"_self pt-cv-href-thumbnail pt-cv-thumb-default\" target=\"_self\" ><img loading=\"lazy\" decoding=\"async\" width=\"884\" height=\"400\" src=\"https:\/\/cennik24.pl\/blog\/wp-content\/uploads\/2025\/10\/ZdrowieApowietrze_SrodekBloga.jpg\" class=\"pt-cv-thumbnail\" alt=\"\" \/><\/a><\/div>\n<div class=\"pt-cv-taxoterm above_title\"><a href='https:\/\/cennik24.pl\/blog\/category\/porady-i-zalecenia\/' title='Porady i zalecenia' class='pt-cv-tax-porady-i-zalecenia'>Porady i zalecenia<\/a><a href='https:\/\/cennik24.pl\/blog\/category\/rekuperacja\/' title='Rekuperacja' class='pt-cv-tax-rekuperacja'>Rekuperacja<\/a><\/div>\n<h4 class=\"pt-cv-title\"><a href=\"https:\/\/cennik24.pl\/blog\/inteligentne-sterowanie-gwc-jak-automatyka-rekuperatorow-reqnet-optymalizuje-prace-wentylacji-mechanicznej\/\" class=\"_self\" target=\"_self\" >Inteligentne sterowanie GWC: jak automatyka rekuperator\u00f3w REQNET optymalizuje prac\u0119 wentylacji mechanicznej<\/a><\/h4>\n<div class=\"pt-cv-content\">Wsp\u00f3\u0142praca rekuperator\u00f3w z GWC (gruntowym wymiennikiem ciep\u0142a) staje si\u0119 standardem w budynkach, w kt\u00f3rych liczy si\u0119 efektywno\u015b\u0107 energetyczna, komfort i &#8230;<\/div>\n<div class=\"pt-cv-rmwrap\"><a href=\"https:\/\/cennik24.pl\/blog\/inteligentne-sterowanie-gwc-jak-automatyka-rekuperatorow-reqnet-optymalizuje-prace-wentylacji-mechanicznej\/\" class=\"_self pt-cv-readmore btn btn-success\" target=\"_self\" >Dowiedz Si\u0119 Wi\u0119cej\u2026<\/a><\/div><\/div>\n<div class=\" pt-cv-content-item pt-cv-1-col\" ><div class=\"pt-cv-thumb-wrapper  \"><a href=\"https:\/\/cennik24.pl\/blog\/pm1-pm2-5-pm10-co-naprawde-wdychasz-i-jak-rekuperacja-chroni-twoj-dom-przed-smogiem\/\" class=\"_self pt-cv-href-thumbnail pt-cv-thumb-default\" target=\"_self\" ><img loading=\"lazy\" decoding=\"async\" width=\"884\" height=\"400\" src=\"https:\/\/cennik24.pl\/blog\/wp-content\/uploads\/2025\/12\/co-naprawde-wdychasz-srodek.jpg\" class=\"pt-cv-thumbnail\" alt=\"\" \/><\/a><\/div>\n<div class=\"pt-cv-taxoterm above_title\"><a href='https:\/\/cennik24.pl\/blog\/category\/porady-i-zalecenia\/' title='Porady i zalecenia' class='pt-cv-tax-porady-i-zalecenia'>Porady i zalecenia<\/a><a href='https:\/\/cennik24.pl\/blog\/category\/rekuperacja\/' title='Rekuperacja' class='pt-cv-tax-rekuperacja'>Rekuperacja<\/a><\/div>\n<h4 class=\"pt-cv-title\"><a href=\"https:\/\/cennik24.pl\/blog\/pm1-pm2-5-pm10-co-naprawde-wdychasz-i-jak-rekuperacja-chroni-twoj-dom-przed-smogiem\/\" class=\"_self\" target=\"_self\" >PM1, PM2.5, PM10 \u2013 co naprawd\u0119 wdychasz i jak rekuperacja chroni Tw\u00f3j dom przed smogiem?<\/a><\/h4>\n<div class=\"pt-cv-content\">Sezon grzewczy w Polsce to od lat synonim jednego z najwi\u0119kszych problem\u00f3w \u015brodowiskowych \u2013 smogu. Wraz z nim gwa\u0142townie rosn\u0105 &#8230;<\/div>\n<div class=\"pt-cv-rmwrap\"><a href=\"https:\/\/cennik24.pl\/blog\/pm1-pm2-5-pm10-co-naprawde-wdychasz-i-jak-rekuperacja-chroni-twoj-dom-przed-smogiem\/\" class=\"_self pt-cv-readmore btn btn-success\" target=\"_self\" >Dowiedz Si\u0119 Wi\u0119cej\u2026<\/a><\/div><\/div>\n<div class=\" pt-cv-content-item pt-cv-1-col\" ><div class=\"pt-cv-thumb-wrapper  \"><a href=\"https:\/\/cennik24.pl\/blog\/antybakteryjna-ochrona-w-wentylacji-jak-jony-srebra-i-miedzi-zabezpieczaja-przewody-wentylacyjne-pe-przed-mikrobami\/\" class=\"_self pt-cv-href-thumbnail pt-cv-thumb-default\" target=\"_self\" ><img loading=\"lazy\" decoding=\"async\" width=\"884\" height=\"400\" src=\"https:\/\/cennik24.pl\/blog\/wp-content\/uploads\/2025\/12\/antybakteryjna-ochrona-srodek.jpg\" class=\"pt-cv-thumbnail\" alt=\"\" \/><\/a><\/div>\n<div class=\"pt-cv-taxoterm above_title\"><a href='https:\/\/cennik24.pl\/blog\/category\/porady-i-zalecenia\/' title='Porady i zalecenia' class='pt-cv-tax-porady-i-zalecenia'>Porady i zalecenia<\/a><a href='https:\/\/cennik24.pl\/blog\/category\/rekuperacja\/' title='Rekuperacja' class='pt-cv-tax-rekuperacja'>Rekuperacja<\/a><\/div>\n<h4 class=\"pt-cv-title\"><a href=\"https:\/\/cennik24.pl\/blog\/antybakteryjna-ochrona-w-wentylacji-jak-jony-srebra-i-miedzi-zabezpieczaja-przewody-wentylacyjne-pe-przed-mikrobami\/\" class=\"_self\" target=\"_self\" >Antybakteryjna ochrona w wentylacji. Jak jony srebra i miedzi zabezpieczaj\u0105 przewody wentylacyjne PE przed mikrobami?<\/a><\/h4>\n<div class=\"pt-cv-content\">W bran\u017cy rekuperacji jednym z najpopularniejszych mit\u00f3w jest wizja \u201ezagrzybionych rur\u201d, w kt\u00f3rych ma rozwija\u0107 si\u0119 niechciana mikroflora. W rzeczywisto\u015bci &#8230;<\/div>\n<div class=\"pt-cv-rmwrap\"><a href=\"https:\/\/cennik24.pl\/blog\/antybakteryjna-ochrona-w-wentylacji-jak-jony-srebra-i-miedzi-zabezpieczaja-przewody-wentylacyjne-pe-przed-mikrobami\/\" class=\"_self pt-cv-readmore btn btn-success\" target=\"_self\" >Dowiedz Si\u0119 Wi\u0119cej\u2026<\/a><\/div><\/div><\/div><\/div> <\/div> <style>\n#pt-cv-view-37difkra {text-align: center}#pt-cv-view-37difkra .pt-cv-thumb-wrapper {margin-left: auto; margin-right: auto;}\n#pt-cv-view-37difkra .pt-cv-meta-fields {  }#pt-cv-view-37difkra .pt-cv-meta-fields * { font-size: 13px; }#pt-cv-view-37difkra .pt-cv-thumb-wrapper:not(.miniwrap) {  }#pt-cv-view-37difkra .pt-cv-thumbnail:not(.pt-cv-thumbnailsm) { height: 250px; }#pt-cv-view-37difkra .pt-cv-title a { display: block;color: #000000; }#pt-cv-view-37difkra .pt-cv-title:not(.pt-cv-titlesm) a { font-weight: 600;text-decoration: none;font-size: 20px; }#pt-cv-view-37difkra .pt-cv-titlesm a { font-weight: 600;font-size: 18px; }#pt-cv-view-37difkra .pt-cv-content { font-size: 15px; }#pt-cv-view-37difkra .pt-cv-rmwrap {  }#pt-cv-view-37difkra .pt-cv-readmore { color: #fff;background-color: #66b230;font-size: 14px; }#pt-cv-view-37difkra .pt-cv-taxoterm {  }#pt-cv-view-37difkra .pt-cv-taxoterm * { color: #ffffff;background-color: #66b230;font-size: 14px; }#pt-cv-view-37difkra + .pt-cv-pagination-wrapper {  }#pt-cv-view-37difkra + .pt-cv-pagination-wrapper a { font-size: 14px; }#pt-cv-view-37difkra > .pt-cv-page {grid-template-columns: repeat(2, 1fr);grid-gap: 20px;}\n@media all and (max-width: 1024px) { \n#pt-cv-view-37difkra > .pt-cv-page {}\n} \n@media all and (max-width: 767px) { \n#pt-cv-view-37difkra > .pt-cv-page {grid-template-columns: repeat(1, 1fr);}\n} <\/style>","protected":false},"excerpt":{"rendered":"","protected":false},"author":6,"featured_media":0,"parent":0,"menu_order":0,"comment_status":"closed","ping_status":"closed","template":"","meta":{"footnotes":""},"class_list":["post-2211","page","type-page","status-publish","hentry"],"_links":{"self":[{"href":"https:\/\/cennik24.pl\/blog\/wp-json\/wp\/v2\/pages\/2211","targetHints":{"allow":["GET"]}}],"collection":[{"href":"https:\/\/cennik24.pl\/blog\/wp-json\/wp\/v2\/pages"}],"about":[{"href":"https:\/\/cennik24.pl\/blog\/wp-json\/wp\/v2\/types\/page"}],"author":[{"embeddable":true,"href":"https:\/\/cennik24.pl\/blog\/wp-json\/wp\/v2\/users\/6"}],"replies":[{"embeddable":true,"href":"https:\/\/cennik24.pl\/blog\/wp-json\/wp\/v2\/comments?post=2211"}],"version-history":[{"count":33,"href":"https:\/\/cennik24.pl\/blog\/wp-json\/wp\/v2\/pages\/2211\/revisions"}],"predecessor-version":[{"id":2513,"href":"https:\/\/cennik24.pl\/blog\/wp-json\/wp\/v2\/pages\/2211\/revisions\/2513"}],"wp:attachment":[{"href":"https:\/\/cennik24.pl\/blog\/wp-json\/wp\/v2\/media?parent=2211"}],"curies":[{"name":"wp","href":"https:\/\/api.w.org\/{rel}","templated":true}]}}